et t(w) = f*c(w) + 4*o(w). Calculate t(6).
4
Let g(s) = s**2 - s - 1. Let i(o) = o**2 - 2*o. Let c(q) = -2*g(q) + 3*i(q). Let k = -8 + 11. What is c(k)?
-1
Suppose 0 = -6*d + 5*d + 1. Let p(t) = -7*t + 1. Give p(d).
-6
Suppose l + g - 4 = 0, -5*l + 18 - 4 = 2*g. Let p(d) = 5*d + 1. Determine p(l).
11
Let p(l) = -8*l + 1. Let a = 2 + 0. Calculate p(a).
-15
Let f(k) = -k**3 + 4*k**2 + k + 1. Let q(x) = -x + 3. Let i be q(0). Suppose -4*h - 5*g + 36 = 0, 2*h = -h + i*g. What is f(h)?
5
Let y be (55/(-22))/(1/2). Let v(p) = p**2 + 3*p - 7. What is v(y)?
3
Let t(l) = l**2 - 3. Let x = 10 + -7. Suppose -3*u - 2*z = 5 - 18, u - x*z - 8 = 0. Suppose 0 = -3*c + u*c + 6. Determine t(c).
6
Suppose 5*r = -4*k + 31, 2*r = 3*k + 2 - 8. Suppose 7 = k*u - 5. Let c(g) = -u*g + 0 + g + 3. Calculate c(2).
-1
Let k(v) = 2*v**2 + v - 2. Let i = 17 - 20. Determine k(i).
13
Let r(l) = 3*l - 101 - 2*l + 101 - l**2. Let t(b) = -b**3 + 7*b**2 - 6*b. Let j be t(6). Determine r(j).
0
Suppose 0 = -2*p + 9 - 27. Let x(j) = -29*j**3 + 5*j**2 - 13*j + 13. Let k(l) = 7*l**3 - l**2 + 3*l - 3. Let v(m) = p*k(m) - 2*x(m). Calculate v(1).
-6
Let l(x) = x - 6. Let r(h) = h - 11. Let w(i) = 7*l(i) - 4*r(i). Calculate w(-2).
-4
Let f(l) be the second derivative of l**5/20 - l**4/3 + l**2/2 + 3*l. Give f(4).
1
Suppose -6*r = -r - 30. Suppose u = -r + 2. Let j(d) = d**2 + 6*d + 3. What is j(u)?
-5
Let w = 14 + -12. Let j(b) be the first derivative of b**w + 3*b - 1/3*b**3 + 2. Give j(-2).
-5
Let r(f) = -f**2 + 4*f - 4. Let v(q) = q. Let w be v(0). Suppose -2*l - 9 - 5 = w. Let y = l - -10. Give r(y).
-1
Let x(s) = -s**2 + s + 3 - 3*s + 0. Let i be x(-3). Let j(c) = i + 3 + c**2 + 2*c + 0*c. Determine j(-2).
3
Let a(g) be the third derivative of 7/6*g**3 - 2*g**2 + 0*g + 0 - 1/12*g**4. Determine a(5).
-3
Let u(i) = 3*i**2 + 10*i + 5. Let r(a) = 2*a**2 + 5*a + 3. Let d(j) = -5*r(j) + 3*u(j). Give d(6).
-6
Let v(j) = j - 7. Suppose 3 = -l - 0*l. Let m be l - 5/(-1 + 0). Suppose m*p = -6, -p - 17 = -4*c - 2. Give v(c).
-4
Let b = 18 - 16. Let q(k) = k**3 + k**b - 3*k**2 - 2*k**2 - 5*k - 1. Give q(5).
-1
Suppose -5*h + 44 = -2*m, -m - 2 = -0. Let f(b) = -b + 5. Calculate f(h).
-3
Let o(h) = -h**3 - 6*h**2 - 4*h + 7. Let p(i) = -4*i. Let d be p(-1). Suppose -j + 16 = -3*w, 12 = w - d*w - 3*j. What is o(w)?
2
Let d(n) = 6*n - 44. Let x(o) = o - 9. Let u(l) = -2*d(l) + 11*x(l). Let g be -2*(1 - (-10)/(-4)). Suppose 0 = -8*z + g*z - 30. Determine u(z).
-5
Suppose -10*x - 5*r = -7*x - 43, r - 29 = -4*x. Let c(u) = u**2 - 4*u + 3. Determine c(x).
15
Let x(d) be the third derivative of d**5/60 - d**4/6 + d**3/6 - 17*d**2. What is x(3)?
-2
Let r = -2 - -4. Suppose r = -b + 2*b. Suppose 0 = b*c - c + 3. Let n(t) = -t**2 - 2*t. Determine n(c).
-3
Let r(d) = 5*d**2 - 4*d - 1. Let t(w) = w**3 - w**2 + w. Let c(p) = -r(p) - 4*t(p). Let k(i) = 6*i - 47. Let x be k(8). Give c(x).
-4
Let s(o) = o**2 - 5*o - 2. Let v = 10 - 21. Let n = v + 17. Give s(n).
4
Let j(p) be the second derivative of -p**6/720 - p**5/30 - p**4/6 + 2*p. Let s(f) be the third derivative of j(f). Calculate s(-3).
-1
Let t(g) = g**2 + 2*g + 1. Suppose 5*d + 5*r - 19 = 2*r, -d = -2*r + 4. Let c(j) = j - 3*j**2 - 3*j**d + 5*j**2. Let f be c(-1). Give t(f).
1
Let u be (12/(-64)*6)/((-6)/8). Let m(o) be the first derivative of 2*o - u*o**2 + 3. What is m(2)?
-4
Suppose -8 = -2*a - 4*z + 8, 4*a + z = 18. Let w(p) = 7*p - a*p - 4 - 2*p. What is w(2)?
-2
Let i(u) = u**3 - u**2 - 6. Let b be 1*(-3 - -5)*2. Suppose b*c + 2*q = 3*q, -2*q = 0. Give i(c).
-6
Let u(v) = -v**2 - 6*v + 4. Let x = -2 + 6. Let r(z) = 4*z**2 + 11 - 17*z + 0*z - 6*z**2 - z**2. Let t(k) = x*r(k) - 11*u(k). Give t(2).
-8
Let r(b) = b + 1. Let m be r(-1). Let w = m + 3. Suppose -2*p + 4*j + 5 = w*p, -16 = -3*p + 5*j. Let o(k) = -k**2 - k + 1. What is o(p)?
-5
Suppose 4*y = -y - 20. Let x be (-1 + 1)/((-4)/y). Let h(s) = s**3 + 4*s**2 - 2 + x*s - 5*s - 4. Determine h(-5).
-6
Let u(k) = -k**3 + 10*k**2 - 10*k + 12. Let o be u(9). Suppose -2*t = o*t. Let x(z) = z**3 + z**2 - z - 9. What is x(t)?
-9
Suppose h + 5 = 8. Let g(z) = z**2 - 7*z + 1. Determine g(h).
-11
Let l(w) = -w**3 - 4*w**2 + 4*w - 1. Let r(y) = y - 5. Let b be r(10). Let g = -1 - 1. Let f be 2*1/g*b. Calculate l(f).
4
Let z(j) = 2*j**2 - 3*j. Let i be z(2). Let n(m) = 0*m**3 - i + m**3 + 2*m + 0*m**2 + 4*m**2. Let l(u) = -u**2 - 4*u + 2. Let t be l(-5). Give n(t).
1
Let q(g) = 3*g - 11. Let h(x) = -2*x + 7. Let o(c) = 8*h(c) + 5*q(c). Determine o(0).
1
Let g(s) = s**2 - 8*s + 3. Let q = 12 - 7. Suppose h + q = 2*h. Calculate g(h).
-12
Let g(r) = -r + 4. Let a(d) = d - 5. Let f(o) = -4*a(o) - 5*g(o). Calculate f(1).
1
Suppose 4*d = 23 + 1. Let s(l) = -l + 14. What is s(d)?
8
Let q(c) be the third derivative of c**6/720 - c**5/60 - c**4/8 - 3*c**2. Let i(b) be the second derivative of q(b). Suppose 0 - 10 = -2*j. Give i(j).
3
Let c(r) = -19 + 0*r**3 + 0*r**3 - 3*r**3 + 4*r**3. Calculate c(0).
-19
Let h(k) = k**2 + 12*k + 18. Let p be h(-10). Let y(a) = 2*a**3 - 2*a - 2. Give y(p).
-14
Suppose 0 = o - 4*p + 12 - 0, 2*o - p = 4. Let r(v) = 5*v**2 - 4*v**2 + 3*v - 4 - 2*v**2. What is r(o)?
-8
Let u = 14 + -12. Let a(t) = -3*t - t**3 - 1 + u - 5 - 2*t**2 - 3*t**2. Determine a(-3).
-13
Let s(c) = 4*c - 6. Let h(d) = -9*d + 13. Let n(o) = -3*h(o) - 7*s(o). Calculate n(3).
0
Let h(r) = -r - 2. Suppose -8 = -5*v - 2*a + a, -3*v = -4*a - 14. Suppose 3*g = v*j + 20, -5*g + 34 = -5*j - 6. Suppose -g*w = -2*w + 6. Determine h(w).
1
Let j(d) = d - 3. Let b(r) = r - 3. Let l(u) = -3*b(u) + 2*j(u). Determine l(4).
-1
Let z(m) = 2*m + 9. Let x be z(-3). Suppose 3*n + 6 = 6*c - 2*c, -c - 5 = -4*n. Let h(t) = c*t**2 - 1 - 3*t - 1 - t**2. Calculate h(x).
7
Let k(a) = -2*a**2 - 3*a - 4. Let t(r) = r**2 - 10*r + 13. Let u be t(8). Determine k(u).
-13
Let u(f) = -1 + 2*f + 2*f - 3*f. Let k = -19 - -22. Calculate u(k).
2
Let b(t) be the third derivative of t**6/120 + t**5/30 + t**4/12 - t**3/6 + 11*t**2. Let n be 1*(-2 - -3) + -3. Calculate b(n).
-5
Let a be (-2)/4 - (-26)/(-4). Let n = a - -11. Let m(s) = s**2 - 4*s + 3. What is m(n)?
3
Let j(b) = 2*b + b**3 + 2*b + b - 4*b**2 - 21 + 17. Determine j(3).
2
Let j(s) = s + 5*s**2 + 3 - 4*s**2 - 9. What is j(-5)?
14
Suppose 0 = 4*m + 4 - 0. Suppose 0 = -4*o + 471 + 525. Let c(t) = 8*t**2 - 249 + t + o. Calculate c(m).
7
Let h(a) = -a**2 - a - 6. Suppose 0 = -n + 4*q + 4, -q = -4*n - 2*q - 1. Determine h(n).
-6
Let h = -4 - -3. Suppose 2 = 4*t - 3*c - 1, -4*t + 1 = -c. Let b(v) = t + 2*v + 1 + 0 + v**3. Give b(h).
-2
Let k(n) = n**3 + 7*n**2 - 23*n**2 + 9 + 6*n + 8*n**2 + 15*n**2. Calculate k(-6).
9
Let z(q) = q**3 + 4*q**2 + 3*q. Let s be z(-2). Let o(n) = -n**2 + 3*n - 3. Give o(s).
-1
Let s(b) be the second derivative of b**3/6 + 7*b**2/2 - 20*b. Calculate s(0).
7
Let w(b) be the second derivative of b**5/20 - b**4/2 + 5*b**3/6 - 3*b**2/2 + 7*b. Calculate w(5).
-3
Let s(c) = -c**3 + 8*c**2 - 3*c - 5. Let v(u) = 2*u**3 - 17*u**2 + 6*u + 11. Let g(n) = 5*s(n) + 2*v(n). Calculate g(4).
17
Let h(w) be the third derivative of -w**6/720 - w**5/24 + w**4/6 - 4*w**2. Let n(f) be the second derivative of h(f). What is n(-6)?
1
Let k(r) = -r**3 + r + 1. Suppose 5*n - 6*z - 13 = -4*z, 0 = 4*n - z - 8. Let l be 1 + 3*n/3. Determine k(l).
-5
Let q(s) be the third derivative of 5*s**4/24 - s**3/6 - s**2. Let h be (-4)/8 + 3/2. Let n = h + -2. Give q(n).
-6
Let u(f) = -3*f**2 + 19*f + 7. Let i(d) = d**2 - 9*d - 4. Let v(o) = 5*i(o) + 2*u(o). Determine v(-7).
-6
Let t = 1 + 3. Let c = t - 3. Let q(h) be the first derivative of h**3/3 - h**2 + 4. What is q(c)?
-1
Suppose 4*i + 0 = -12. Let d be (7 - i)*(-6)/(-10). Let o(u) = u**2 - 4*u - 8. Determine o(d).
4
Let c(z) = -z**2 - 4*z + 2. Let l = 10 + -7. Suppose -l*t - 25 = -2*x, x - 3*t = -3*x + 35. Let k(y) = y**3 - 4*y**2 - 5*y - 5. Let p be k(x). Give c(p).
-3
Let q(x) = 5*x**2 - 4*x**2 - x - 2*x**2 + 0*x**2. Let t(j) = -j**2 + 6*j - 5. Let z be t(5). Suppose -b + 4 = 5*m, z*b + 3*b - 12 = 2*m. Give q(m).
0
Let j(a) = a**3 + 3*a**2 - 3*a - 4. Let k(f) = -f**3 + 3*f**2 - 2*f + 4. Let w be k(3). Let s be w/8 + (-66)/24. Give j(s).
5
Let m = -8 - -13. Let y(p) = p**3 - 6*p**2 + 6*p - 1. Give y(m).
4
Suppose -4*f - 99 = -119. Let d(v) = 3*v**2 + 4*v